*h - 189. Calculate the remainder when 50 is divided by n(l).
16
Let u = -38 - -190. What is the remainder when u is divided by 26?
22
Suppose -3*s - 25 = -148. Let a = -20 + s. Calculate the remainder when 60 is divided by a.
18
Suppose -g = 3*x - 10, 0 = 2*g - 0*g - 2. Suppose -x*o = -o - 36. Let y = o - 2. What is the remainder when 62 is divided by y?
14
Let v = -28 - -45. Suppose 2*x = 2*a + 7*x + 65, 0 = -5*x + 15. Let s = 46 + a. Calculate the remainder when v is divided by s.
5
Let f(b) = -27*b - 1014. What is the remainder when f(-65) is divided by 31?
28
Let v = -1950 + 1964. Calculate the remainder when 232 is divided by v.
8
Suppose -48*f + 40*f + 368 = 0. What is the remainder when 496 is divided by f?
36
Suppose 16*j - 21*j + 115 = 0. Let q = j + -13. What is the remainder when 36 is divided by q?
6
Let d(u) = 2*u**2 + 19*u + 39. Calculate the remainder when 1186 is divided by d(-12).
97
Suppose -689 = -6*t - s - 56, 0 = 5*t + 3*s - 521. What is the remainder when t is divided by 55?
51
Let u(d) = -d**3 - 9*d**2 + 9*d + 13. Let s = -33 + 23. Calculate the remainder when 43 is divided by u(s).
20
Suppose -1 - 3 = 2*c. Let i = 7 - -1. Calculate the remainder when i is divided by ((-10)/1 - 0)/c.
3
Suppose -5*n + 418 = 253. Calculate the remainder when 191 is divided by n.
26
Suppose 37 = f + 2*i, -3*f = -f - i - 64. Calculate the remainder when f is divided by 12.
9
Let v(t) = -2*t**3 - 9*t**2 - 3*t - 6. Let n be v(-6). Calculate the remainder when (n/42)/(2/14) is divided by 8.
4
Let k(v) = -78*v**3 - 1 + 0*v + 79*v**3 + 9*v**2 - 6 + 6*v. Suppose 2*r - 3 + 17 = 0. Calculate the remainder when k(r) is divided by 13.
10
Let h(s) = -s**3 - 81*s**2 - 166*s - 574. What is the remainder when h(-79) is divided by (0 - -1)/1*12?
10
Suppose 156 = y - 2*j, -19*y = -15*y + 3*j - 646. What is the remainder when y is divided by 23?
22
Let f(v) = 2*v - 10. Let w be f(7). Let p be 5 - (-3)/(-1 + w). Let g = 28 - p. What is the remainder when g is divided by 8?
6
Let o = -2 + 10. Let z = 34 + -11. What is the remainder when z is divided by o?
7
Suppose 0 = -2*c + 5*c - 2*n - 35, 2*c - 2 = -4*n. Suppose -c = -v - 2. Let m = -12 - -25. Calculate the remainder when m is divided by v.
6
Let d = 69 - -150. Let h = d - 58. Calculate the remainder when h is divided by 27.
26
Let k = 6812 - 6807. Suppose -5*h = v - 151, 0 = h - 5*v - 17 - 8. Calculate the remainder when h is divided by k.
0
Let s be (100/(-12))/(2/6). Suppose 20*w + 4 - 64 = 0. Calculate the remainder when (-60)/s*(-10)/(-3) is divided by w.
2
Suppose -87 = -x - q - 4*q, 0 = x + q - 79. Calculate the remainder when x is divided by 26.
25
Suppose -4*u + 230 = 3*x, 4*u + 0*x + 2*x - 232 = 0. Suppose -5*n + 5*p + 85 = 0, n + 53 = 5*n - p. Calculate the remainder when u is divided by n.
11
Suppose 5*u - 2*c - 608 = 3*u, -2*u + 605 = -3*c. Let k = u + -272. What is the remainder when k is divided by (-9 - 1)*(-6)/5?
11
Suppose 45*m = -18*m - 362 + 1181. Let z = 5 + 4. Calculate the remainder when m is divided by z.
4
Let d = 48 + -87. Let z = 4 - d. Calculate the remainder when 169 is divided by z.
40
Let z(f) = -f**2 + 8*f - 10. Let j be z(5). Suppose 622 - 222 = j*k. Suppose -75 = -5*o + k. Calculate the remainder when 121 is divided by o.
28
Suppose 0 = -7*o - 5 - 317. What is the remainder when 55 is divided by 2/(-6)*(o + 4)?
13
Let p = -2 + 1. Let b = p - -2. Suppose k = b + 2. What is the remainder when 7 is divided by k?
1
Suppose 0 = -4*c + 554 + 22. Suppose -4*w = -6*w + c. Suppose 5*k + 12 - w = 0. What is the remainder when 35 is divided by k?
11
Let x(a) = 50*a - 47. What is the remainder when x(7) is divided by 51?
48
Let j = 36 + -38. What is the remainder when 7 is divided by 4*-1*4/8*j?
3
Suppose -195*q = -199*q + 2*w + 40, -5*w + 69 = 3*q. Let o = -4 + 7. What is the remainder when q is divided by o?
1
Suppose -11*c - 7 = 2*l - 16*c, -4*c - 25 = -5*l. What is the remainder when 1032 is divided by l?
6
Suppose -10*y = -0*y + 290. Suppose -122 = -4*u + 154. Let h = y + u. Calculate the remainder when h is divided by 14.
12
Let p(k) = -12*k - 1. What is the remainder when 241 is divided by p(-1)?
10
Let u = 58 - 58. Suppose k + 8*k - 1386 = u. Calculate the remainder when k is divided by 52.
50
Let w(i) = -32*i - 13. Let r be w(-1). Suppose -335 = -r*q + 14*q. What is the remainder when q is divided by 12?
7
Suppose 6*k = 2*k + 2*m + 174, -3*m = -3*k + 132. What is the remainder when 87 is divided by k?
1
Suppose -4*u = -2*s + 86, -2*u + 10 = -0*u. Let b = -31 + s. Calculate the remainder when b is divided by 6.
4
Let c = 47 + -44. Suppose 12 + 34 = 2*i - 4*o, -9 = -c*o. Suppose -15 = -s - b, -2*s - s + 3*b + 15 = 0. What is the remainder when i is divided by s?
9
Let i(q) = q**2 + 2*q - 1. Let m be i(-3). Suppose -m*w + 14 = 2. Let x(o) = -16*o - 475. Calculate the remainder when w is divided by x(-30).
1
Suppose -5*a - 80 = 4*r - 496, -a = 3*r - 92. What is the remainder when a is divided by 14?
10
Suppose 7*j - 6*j = 4. What is the remainder when 72 is divided by 4 + (-11)/(-5 + j)?
12
Let d = -95 + 124. Calculate the remainder when d is divided by (-1)/(-2) + (-42)/(-4).
7
Let u = -492 - -838. Calculate the remainder when u is divided by 39.
34
Let y(u) be the third derivative of 0*u + 1/3*u**4 + 13/6*u**3 + 0 - 13*u**2 + 1/60*u**5. Calculate the remainder when y(-8) is divided by 7.
6
Suppose 3*c = -4*g - 3 + 129, -4*c + 3*g = -168. What is the remainder when 113 is divided by c?
29
Let r be 1 + 1 + (-6)/(-6). Let m(o) = 2*o - 1 - 4 + o**2 + r. What is the remainder when 64 is divided by m(4)?
20
Let x(i) = -5*i - 2. Let u be x(-1). Suppose -5*r + 2*r = 2*d - 8, u*d = 2*r - 1. Suppose r*o - 65 = -3*o. What is the remainder when 25 is divided by o?
12
Let w(a) = a**3 + 27*a**2 - 29*a + 3. Calculate the remainder when w(-28) is divided by 10.
1
What is the remainder when 288 is divided by 43 + (6 - (5 + 7))?
29
Let n = 476 + -432. What is the remainder when 87 is divided by n?
43
Suppose -45 = -2*b + h - 6*h, -48 = -2*b - 2*h. What is the remainder when ((-23)/(-115))/(1/b) is divided by 4?
1
Suppose -3*h + 64 = 5*n, -2*n + 44 = -h + 3*h. Suppose 0 = -2*y + h + 23. Calculate the remainder when 90 is divided by y.
21
Let j(v) = 10*v + 15. What is the remainder when 383 is divided by j(4)?
53
Suppose -4*z + 2*m = -304 - 160, -m = 5*z - 594. Calculate the remainder when z is divided by 7.
6
Let i = 25 - 12. Calculate the remainder when 17 is divided by i.
4
Let j be 20/50 + (-88)/(-5). Calculate the remainder when j + (8 - 7)*(-1 + 2) is divided by 7.
5
Let x(q) = 4*q - 7. Let c(r) = -8*r**2 - 25*r**3 + 4 + 26*r**3 + 3 + 3*r. Calculate the remainder when c(8) is divided by x(6).
14
Let v = -537 - -543. Let p = -10 - -19. Calculate the remainder when p is divided by v.
3
Let v = 1 - 0. Let c(k) = 18*k**2 - 2*k + 1. Let z be c(v). Let s = -8 + z. Calculate the remainder when s is divided by 4.
1
Let q(a) = 17*a**2 + 9*a - 12. What is the remainder when q(2) is divided by 5?
4
Let f(s) be the second derivative of -s**5/20 + s**4/6 + 7*s**3/6 + 3*s**2 + 10*s. What is the remainder when f(-4) is divided by 15?
14
Suppose t + 5*j = 9, 0*t - 4*t = -j - 15. Let y(q) = q**2 + 3*q - 7. Calculate the remainder when (33/6)/(10/t - 2) is divided by y(-5).
2
Let s = 5 - 3. Let f(y) = 9*y - 2. Let w be f(2). Suppose 0*m - 67 = -5*m - r, s*m + 4*r = w. What is the remainder when 39 is divided by m?
11
Suppose 13 = 4*p - 3. Suppose -6*y - 4*y = -30. Suppose -p = y*g - 100. Calculate the remainder when g is divided by 11.
10
Let v = -473 + 701. Calculate the remainder when v is divided by 29.
25
Let x(z) = z - 6. Let c be x(6). Suppose -5*l - w = -31, c = -3*w - 2 + 5. What is the remainder when 21 is divided by l?
3
Let h(s) = 2*s**3 - 6*s**2 + 3*s + 8. What is the remainder when 112 is divided by h(3)?
10
What is the remainder when 8 - (-6 + (-6)/9)*48 is divided by 7?
6
Let t(k) = -2*k - 4. Let f be t(-3). Suppose -10 = -5*u + 20. Calculate the remainder when 1*(f - 0) + 19 is divided by u.
3
Let k = -188 - -225. What is the remainder when 663 is divided by k?
34
Suppose w - 3*w - d = -18, -4*d - 5 = -3*w. Suppose -w*z + 108 = -z. What is the remainder when z is divided by 7?
4
Let y be 